e of 22*r**4 + r**2 - r + 75. Is i(o) a prime number?
True
Suppose -a = a - 308. Suppose 410 + a = w. Let q = w + -353. Is q a composite number?
False
Suppose -r = -0*v + 4*v - 351, -5*v = -25. Is (4/(-6)*r)/((-26)/39) a composite number?
False
Let c be (16/(-24))/(1/(-3)). Suppose -c - 2 = -2*j. Suppose -2*i + 6*d = j*d - 682, 341 = i - d. Is i prime?
False
Suppose -2*r + 4724 = 1022. Let g = -1168 + r. Is g a prime number?
True
Let b(q) = 15*q - 133. Let c be b(9). Let y be 1 - -1 - 1018/(-1). Is y/8 - 1/c composite?
False
Suppose 5*r + 3*h - 6269 = -1548, -2832 = -3*r - 2*h. Suppose 0 = 5*g - 4061 + r. Is g a composite number?
True
Let g = 67 + -65. Suppose -5*d - 3*a + 3548 = 0, -10*d + 5*d - g*a = -3547. Is d a prime number?
True
Suppose 2*g + 8 = -3*t, -5*t + g - 4*g = 15. Let u = -21 - t. Is 3/2*(-370)/u a composite number?
False
Let p be -2*(-3)/(-6) - -4. Suppose -4*h + 2112 = p*c - 4*c, -5*h - 4*c = -2640. Suppose 5*f - h + 93 = 0. Is f composite?
True
Is (-2433)/(-13) + 32/(-208) prime?
False
Let h = 221 + -2. Is h a prime number?
False
Let x = 13890 + -6703. Is x prime?
True
Suppose 0 = 4*j + 3*z - 9271, 3*z - 5503 = -2*j - 866. Is j prime?
False
Let j = -6968 + 28705. Is j a composite number?
False
Let b(w) be the third derivative of 103*w**4/8 - 23*w**3/6 + 5*w**2. Is b(6) a prime number?
True
Suppose 30 = 5*y - 15. Suppose y*g = 4*g + 925. Is (g/(-2))/((-1)/2) a prime number?
False
Let y be (-1)/(((-2)/3)/2). Suppose -y*d + 5*d - 252 = 0. Suppose 2*r - 100 = d. Is r a composite number?
False
Let u(f) = f**3 + 5*f**2 + 3*f - 4. Let q = 17 - 20. Let g be u(q). Suppose -g*j + 155 = v - 201, 368 = v + j. Is v composite?
True
Suppose 0 = 4*l - 3*u - 23, 3*l - 5 - 6 = u. Let m(d) = 7*d**2 - 8*d - 5. Let x be m(6). Suppose -6*k - l*c = -2*k - 164, 0 = -5*k - c + x. Is k a prime number?
False
Suppose 33006 = 2*t - 18040. Is t a prime number?
True
Let i = -6 + -5. Let z = -9 - i. Suppose -2*j + 1015 = 3*j + 3*f, 406 = z*j + 4*f. Is j prime?
False
Suppose -2*j + 13139 = q, 26286 = 2*q + 5*j - 3*j. Is q a composite number?
False
Let j = 75 - 1117. Let o = -501 - j. Is o prime?
True
Is ((-2)/(-4))/((-7)/(-23198)) a prime number?
True
Suppose 11*z = 4*z + 28. Is 0 - -445 - -2 - (-4 + z) composite?
True
Let h = -3165 - -10525. Suppose 17*r + h = 71841. Is r composite?
False
Let g be 3/((-76)/(-20) + (-4 - 0)). Is g/(-45) + 2042/3 a composite number?
True
Suppose 0 = -18*g + 20*g - 16. Suppose 0 = 2*w - g*w + 846. Is w prime?
False
Suppose 65 = 5*o + 5*d, 2*o + d + 14 = 37. Suppose -x - p + 4*p - 2 = 0, 0 = -4*x - 2*p - 22. Is (-24)/o*x/2 prime?
False
Let r(b) = 990*b**2 + 12*b + 25. Is r(-2) prime?
False
Let n be 0*(-2)/4*1. Suppose 34 = 3*i - 5*d, n = 2*d - 0 + 10. Let b(s) = 15*s**2 - 3*s + 1. Is b(i) composite?
False
Suppose -39*n + 44*n = -9365. Let h = n + 3216. Is h composite?
True
Is ((-29259)/(-18) + 6)/(1/2) a prime number?
False
Let g(k) be the second derivative of -k**4/6 + k**3/6 - 3*k**2/2 + 2*k. Let u(b) = 2*b**2 - 2*b + 4. Let n(m) = -3*g(m) - 2*u(m). Is n(-10) prime?
True
Let a = -484 + -436. Let p = 2659 + a. Is p a composite number?
True
Let p(j) be the third derivative of -2*j**2 - 7/6*j**3 + 0 + 0*j + 3/4*j**4. Is p(3) composite?
False
Suppose -776 = -12*h + 37660. Is h a prime number?
True
Let g(v) = -80*v**2 - 8*v + 5. Let f(o) = -20*o**2 - 2*o + 1. Let b(c) = -9*f(c) + 2*g(c). Let q be 4/(-12)*3/1. Is b(q) a composite number?
False
Let b(g) = -5*g**3 - 2*g**2 + g + 1. Let p be b(-3). Let f = p - 56. Is f prime?
True
Is (1 - (-50)/(-4))/((-15)/1410) prime?
False
Suppose h + 2*h = 3. Is h + 1 - 970/(-2) a composite number?
False
Is ((5 - 8) + -2516)/(-1) composite?
True
Let f(g) = -990*g - 1363. Is f(-35) prime?
True
Let i = -5 + 4. Let a = i - -6. Let u(y) = 18*y - 1. Is u(a) a prime number?
True
Suppose i - 6*i - t = 13, -4*t = -8. Let u = 52 - i. Is u a composite number?
True
Let n be 6*(8/(-12) - -1). Let z = n - -1. Suppose -z*r - 1137 = -6*r. Is r composite?
False
Suppose -z + 2045 = 572. Suppose z = 5*q + 28. Is q a prime number?
False
Let o(d) = 5*d**2 - 22*d + 31. Is o(-14) prime?
True
Let y = -1790 + 8247. Is y a prime number?
False
Is 4124/12*(-2 - (-18 - -1)) composite?
True
Let z = -280 - -533. Is z a prime number?
False
Let a(h) = 3*h + 9. Let p be a(0). Suppose -402 = p*o - 3813. Is o a composite number?
False
Let t be ((-80)/(-15) + -6)/(4/18). Is (7036/8)/(t/(-6)) prime?
True
Suppose -40*h + 432627 + 239173 = 0. Is h prime?
False
Suppose 3*j + j + 32 = 0. Let t = j + 6. Is (2235/(-45))/(t/6) composite?
False
Let f be -1 + -25 + (-1)/1. Let c = -8 - f. Is c prime?
True
Suppose 22*s + 4*s - 291122 = 0. Is s a composite number?
False
Let s = -23810 - -106455. Is s a composite number?
True
Is 2174 + (27/(-21) - 4/(-14)) a prime number?
False
Is (5 + (-97392)/12)*(0 + -1) prime?
True
Let q be ((-1)/2)/((-2)/48). Let i(p) = 13*p**3 + p. Let g be i(1). Let b = g + q. Is b composite?
True
Suppose 12 = 2*u - 0*u. Suppose -7*n + u*n + 4 = 0. Suppose -4*h + 574 = n*r - 2*h, 3*r - 3*h = 426. Is r composite?
True
Suppose -4*j = -5*q + 21467, 8594 = 2*q + 3*j - 7*j. Is q composite?
True
Let w = 43609 - 7926. Is w prime?
False
Let i be 19/95 + (-28)/(-10). Suppose 832 = 4*z - 2296. Suppose -i*d + z = -d. Is d a prime number?
False
Let g(s) = s**2 - s + 1. Let k be g(0). Let n be 2 - (-1 + (k - 466)). Suppose -5*y + 1867 = -n. Is y prime?
True
Suppose -76 + 28 = -6*i. Suppose -4*n - 3*p + i*p = -2358, -3*n + 1753 = 4*p. Is n composite?
False
Let a be (2/(-3))/(11/33). Is ((-2)/(-4))/(a/(-412)) prime?
True
Suppose 14494 = r + 5*a, -5*a = 5*r - 3*a - 72585. Is r a composite number?
False
Suppose 9*i = 12*i - 21. Suppose 15 = -2*g + i*g. Suppose -5*a + 1024 = g*f, -5*a - 5*f + 1018 = -4*f. Is a a prime number?
False
Is (-15)/(-3) - 12*-263 - -2 prime?
True
Let s = 173 + 556. Let l = s - -68. Is l a prime number?
True
Is (-90580)/56*(-2)/5 a prime number?
True
Is ((-116)/6)/((-20)/510) a prime number?
False
Let a = 38359 - 14294. Is a prime?
False
Let c be (-2)/6 - 1/(-3). Suppose y = -c*y + 4. Is ((-2)/y)/((-1)/662) prime?
True
Let w = -13 - -23. Let r = 12 - w. Suppose -3*q = -15, 615 = 4*l + l + r*q. Is l a composite number?
True
Let q = 556 - -1627. Is q prime?
False
Let o(q) = 13*q**3 - 3*q**2 - 2*q + 4. Suppose 0 = -2*y + v + 2 + 5, 0 = -5*y - 5*v + 25. Let c be o(y). Let x = c + -301. Is x a composite number?
False
Let g be 13/5 + (-90)/25 + 4. Suppose 2*q = -g*j + 4284 + 2561, -5*j + 11406 = q. Is j composite?
False
Let w(x) = 5*x**3 - 34*x**2 - 15*x - 39. Let q(z) = 2*z**3 - 11*z**2 - 5*z - 13. Let v(t) = -11*q(t) + 4*w(t). Is v(-14) composite?
True
Suppose 2*g = 1 + 5. Suppose 0*w - 10 = -w + g*p, -4*p - 8 = 0. Suppose -2*r + 3*r + 2*c - 14 = 0, r = w*c + 2. Is r composite?
True
Let r(b) = -b**2 - 11*b - 8. Let x be r(-11). Is (-1874)/x - (-30)/40 a prime number?
False
Suppose 0 = 6*d - 4*d + 2, 2*d + 566 = -4*h. Let z = h - -605. Suppose -q - q + z = 2*u, 2*q = -3*u + 697. Is u a prime number?
True
Let l = 27 - 24. Suppose -l*n + 67 = b - 2*n, -4*b + 4*n = -268. Is b a composite number?
False
Suppose -107 - 29 = -2*z. Is 99637/z + (-1)/4 composite?
True
Is 0 - 763/(-2) - (-1)/(-2) a prime number?
False
Suppose 28 = -g + 90. Suppose -69*m + g*m = -889. Is m composite?
False
Suppose 12682*f = 12691*f - 202329. Is f a prime number?
True
Is ((-17)/(-4) - 3) + 13413/12 prime?
False
Let b(y) = -y**3 - 6*y**2 - 5*y - 1. Let j be b(-4). Let k = j + 47. Is k composite?
True
Let a = 8 + 347. Is a a composite number?
True
Suppose -4*s - s = -35. Suppose 3*b = m + 2*m + 12, -2*m + 7 = 3*b. Is (128 + b)*(s - 6) a prime number?
True
Suppose 0 = 16*c - 14*c. Let q(h) = -h**3 - h**2 + 14. Let s be q(c). Let a = s - -101. Is a a composite number?
True
Suppose 0*b + 147 = -b. Let k = 1086 + -758. Let u = b + k. Is u prime?
True
Let d(q) = -5*q**2 + 1915. Let h(l) = -4*l**2 + 1916. Let n(o) = -3*d(o) + 4*h(o). Is n(0) a prime number?
False
Let n = 5638 + -3192. Suppose -4*y = -n - 1542. Is y composite?
False
Let b(l) = 1664*l**2 + l + 1. Let s be b(1). Suppose t + 2*t - r = s, 0 = 4*t - r - 2223. Is t a prime number?
True
Let a(o) = -2 - 190*o - 262*o - 56*o. Is a(-7) a composite number?
True
Let c(u) = 12637*u**2 - 16. Is c(-3